 + 10402/10?
0
Suppose -4*j = 4*j + 368. Let y be j/(-12) + 14/84. Suppose y*u - 272 = 4*k, -3*k - 270 = -u - 3*u. What is the tens digit of u?
6
Suppose -30*l + 35*l - 3*v - 29507 = 0, 3*l + 2*v - 17689 = 0. What is the hundreds digit of l?
8
Suppose -g = y - 25, 0 = -5*y + 2*g + 101 + 52. Let s = y - -148. What is the hundreds digit of s?
1
Let y(c) = -2135*c + 25. What is the thousands digit of y(-4)?
8
Let o(w) = w**3 + 15*w**2 + w + 22. Let s be o(-15). Suppose s*c = 4*c + 2313. Suppose -c = -5*x - 11. What is the units digit of x?
2
Let t be 6 + (1/(-4))/((-36)/(-432)). What is the units digit of (-2)/t + (16670/15)/2?
5
Let w(t) be the first derivative of -57*t**2 + 40*t + 97. What is the units digit of w(-4)?
6
Let c(w) = -10*w**3 - 13*w**2 - 31*w - 679. What is the hundreds digit of c(-14)?
6
Let z(u) = -u**3 - 32*u**2 + 97*u + 257. What is the hundreds digit of z(-39)?
1
Let r = -298 - -435. Suppose r*i - 143*i + 2748 = 0. What is the units digit of i?
8
Suppose 6 = -y - 0. Let f be (-6)/(-8)*(-16)/y. Suppose f*x = -0*x + 34. What is the tens digit of x?
1
Suppose 0 = 5*g + 3*h - 2756 - 2305, -5047 = -5*g + 4*h. Suppose 0 = 5*o - i - 1017, -o - 4*o + g = 2*i. What is the tens digit of o?
0
Let z = -14299 - -21544. What is the hundreds digit of z?
2
Let x(f) be the third derivative of -2*f**6/15 - f**5/15 - f**4/24 + f**3/2 + 1541*f**2. Let y = 0 - 2. What is the hundreds digit of x(y)?
1
Let s be 42/(-21)*-2*(-6)/(-8). Suppose 0 = -3*c - 2*n + 41, -2*n - 71 = -s*c - 10. What is the units digit of c?
7
Suppose u + 65057 = 32*u - 346406. What is the tens digit of u?
7
Let c be 48984/(-72) - (1 + (-2)/6). Let a = c - -961. What is the hundreds digit of a?
2
Let a(j) = -257*j**2. Let o be a(1). Let x = o + 371. What is the tens digit of x?
1
Let f(r) = 4*r**2 - 66*r + 340. What is the units digit of f(15)?
0
Suppose 0 = f - 2*j - 85157, -742*j + 744*j = -5*f + 425845. What is the hundreds digit of f?
1
Let w be 2 - 1 - (-1 + (7 - 3)). Let y be w/(-1*(3 + -1)/1). What is the units digit of (1/y)/(11/154)?
4
Let q(s) = -s - 27. Let z be q(-24). Let a be 7/(3/27*z). What is the tens digit of a/15 + 2 + 3708/20?
8
Suppose -58 = -4*c - 2*f, -f + 68 = 5*c - 0*f. Suppose 2512 = -c*o + 29*o. What is the hundreds digit of o?
1
Let r(m) = -6*m**2 + 551*m - 126. What is the thousands digit of r(87)?
2
Suppose -12*u + 15*u = 15. Suppose -3*c - 19 = -5*a - c, 11 = a + 2*c. Suppose 420 = u*s + 5*y, a*s = 2*s - y + 248. What is the tens digit of s?
8
Suppose 9*b = c + 10*b - 102, c - 5*b - 84 = 0. Let i = 56 + c. What is the tens digit of i*16/40*5/2?
5
What is the tens digit of 21978 + (11 - -3) + -3?
8
Suppose -1480 = 2*a - 3*x, -5*a - x - 3585 = 81. Let c = -446 - a. Suppose -112 = -4*z + c. What is the tens digit of z?
0
Suppose 2*o + 20 = -m - 0*m, -m - 12 = -2*o. Let p(w) = -3*w + 126. Let u be p(31). Let g = m + u. What is the units digit of g?
7
Let q = 109 + -43. Let u = q - 58. Suppose 0 = -6*i + u*i - 38. What is the units digit of i?
9
Let d be (-3 + -1)*110/20. What is the units digit of (-2416)/d + 4/22?
0
Let g(k) = 16*k**2 + 73*k + 29. What is the units digit of g(-24)?
3
Let i(y) = 555*y + 2602. What is the thousands digit of i(16)?
1
Suppose 4*s + 110*v = 106*v + 17096, -5*s = -v - 21376. What is the thousands digit of s?
4
Let t = 13749 - -29972. What is the thousands digit of t?
3
Suppose 4727 = -4*c - 3*j, j + 1106 = -c - 75. Let s = -846 - c. What is the tens digit of s?
3
Let x(y) = -4*y**2 + 3*y + 12. Let b be x(6). Let j be 53/17 - (b/(-102) + -1). Suppose -3*m + 93 = 2*n, -2*n - j*m = -7*n + 180. What is the units digit of n?
9
Suppose 68*h - 7288 - 57296 = 45*h. What is the thousands digit of h?
2
Let c(g) = 772*g**3 + 4*g**2 + 13*g - 41. What is the hundreds digit of c(3)?
8
Let p(r) be the second derivative of r**4/12 - r**3/6 + 7*r**2 + 16*r. Let x be (-4)/(2 - 10/4). What is the tens digit of p(x)?
7
Suppose 3*m = -5*l - 0*m + 26, 3*l + m - 18 = 0. Suppose -l*z = -9890 - 610. Suppose 11*v + v - z = 0. What is the units digit of v?
5
Let h = -21229 - -39989. What is the thousands digit of h?
8
Let h = -81 - -106. Suppose 0 = -h*n - 7*n + 14752. What is the tens digit of n?
6
Suppose 13*a + 7 = 3*q + 11*a, 5*a = 20. Suppose q*j = 10*j - 2190. What is the hundreds digit of j?
4
Let d(l) = l**3 + 20*l**2 - 20*l + 17. Let f(b) = -6*b**3 - 99*b**2 + 101*b - 86. Let j(h) = 11*d(h) + 2*f(h). What is the thousands digit of j(16)?
1
Let u = -12229 - -18155. What is the tens digit of u?
2
Let i = -13719 - -34734. What is the thousands digit of i?
1
Let f be (-1 + -4)/(-10)*-6. Let c be (-24)/(f/1) - -4. Suppose 0 = -0*u + c*u - 888. What is the units digit of u?
4
Let r be (1 - 536)*20/(15/3). Let l = r + 3054. What is the units digit of l?
4
Let a = 55503 - 20784. What is the units digit of a?
9
Let c = 19 - -20. Suppose -g + 2*p = -c, -2*g + p = 3*p - 90. What is the units digit of g/5 - 6/(-15)?
9
Suppose -39*x = -7*x - 4000. Suppose -x = -4*v - 4*m + m, 0 = 3*v - 4*m - 100. What is the units digit of v?
2
Let z = 4709 - -712. What is the hundreds digit of z?
4
Let t be 3/1 + (-148)/(-2). Suppose 7*n - 10*n + 49 = -2*k, 0 = 5*n + 15. Let l = k + t. What is the units digit of l?
8
Suppose -3*d - 78 = 5*f + 65, -4*f = -5*d + 107. Let c(n) = -n**3 - 28*n**2 - 54*n - 97. What is the tens digit of c(f)?
1
Let q = 4423 + 3682. What is the units digit of q?
5
Suppose 3*p = 2*q + 42 + 11, 3*p = -4*q + 47. Suppose -p*k + 3042 = -324. What is the units digit of k?
8
Let t(l) = 4 + l - 3*l - 8. Let p be t(-2). Let n = p + 18. What is the units digit of n?
8
Suppose 118446 = 4*l + 5*z, 19*l - 20*l + 29595 = 4*z. What is the tens digit of l?
1
Let p = 494 - 495. Let c(a) = 660*a**2 + 4*a + 6. What is the units digit of c(p)?
2
Suppose 2108 = -5*v + 9*v. Let j = v + -239. What is the units digit of j?
8
Suppose 42751 = -46*y + 1150548 - 17413. What is the thousands digit of y?
3
Let h = -105 + 105. Suppose 46*a - 48*a + 542 = h. What is the units digit of a?
1
Let n = 12 + -14. Let g be (n - 7)/(-2 + 1). Suppose 0 = g*d - 1 - 35. What is the units digit of d?
4
Let i(d) = 2*d - 24. Let s be ((-2)/(-8))/((-1)/(-36)). Let u be i(s). Let p(r) = -2*r + 21. What is the tens digit of p(u)?
3
What is the units digit of (-1)/4 + ((-165937)/344)/((-1)/14)?
3
Suppose 30*n + 21 = 27*n. Let o(s) = -s**3 + 2*s**2 + 14*s - 8. What is the hundreds digit of o(n)?
3
Suppose -12*n + 463819 + 94325 = 0. What is the tens digit of n?
1
Let l = -415 - -440. What is the hundreds digit of (-5954)/(-10) + (110/l)/(-11)?
5
Suppose 3*l = -m + 49, -5*m + 80 + 225 = 3*l. Suppose -m*h + 60*h = -1324. What is the tens digit of h?
3
Suppose -18*c = -0*c - 13410. Let o = -444 + c. What is the hundreds digit of o?
3
Let c(z) = 65*z - 3. Suppose 8 = s + 6. Let p be c(s). Let b = 247 - p. What is the hundreds digit of b?
1
Let a = 3287 - -6476. What is the tens digit of a?
6
Let h = -36 + 66. Let v = 37 - h. Suppose 53 = 5*p - v. What is the units digit of p?
2
Let k be 1 + -2 + (6 - 23) + 2. What is the hundreds digit of (k/10)/(8/(-4680))?
9
Suppose 117*g + 10080 = 123*g. What is the hundreds digit of g?
6
Suppose 0 = 23*q - 215672 + 34271. What is the tens digit of q?
8
Suppose 7*m = 5 - 5. Suppose 0 = -3*s - w + 2495, 2*s + 5*w - 378 - 1294 = m. Suppose -13*q - 181 = -s. What is the tens digit of q?
5
Let h(l) = l**3 - 9*l**2 + 2*l - 29. Let j be h(11). Let w = j + 194. What is the units digit of w?
9
Suppose -2*w + 2*y = -8778, -4*w + 27*y - 28*y + 17581 = 0. Suppose 5*t - w = u, -t - u - 390 = -1270. What is the hundreds digit of t?
8
Let b = -36 - -50. Let a(k) = -9*k - 7. Let w(t) = -t. Let s(u) = -a(u) + 6*w(u). What is the tens digit of s(b)?
4
Let h(i) = 18*i - 25. Let m = -24 - -27. Let n be h(m). Let v = 118 + n. What is the hundreds digit of v?
1
Let i = 21 - 11. Suppose 38*h + 26 = 51*h. Suppose 0 = 4*v - 3*u - u - 132, -i = -h*u. What is the units digit of v?
8
Let d = -4823 - -5743. What is the units digit of d?
0
Let s = -4491 - -4548. Suppose -110 = -5*o + 75. Let u = s + o. What is the units digit of u?
4
Let v be 54/90 + 97/5. What is the tens digit of 221/4 - 5/v?
5
Let r(n) = 116*n**2 - 10*n - 20. Let q be r(-3). Suppose q + 3086 = 9*i. What is the te